*t**2 - 104*t + 113. Let k be r(19). Calculate the greatest common factor of k and 88.
8
Let g(t) = 455*t + 62. Let f be g(-9). Let o be f/(-7) - 5/35. What is the highest common factor of o and 36?
36
Let t = -15470 + 15526. What is the highest common divisor of 8134 and t?
14
Let o(b) = b**3 - b**2 - 5*b + 2. Let d be o(3). Suppose -d - 5 = -t. Let i = 6118 - 6103. Calculate the greatest common divisor of i and t.
5
Let p be 592/3*279/62. What is the greatest common factor of p and 259?
37
Let v(s) = 19*s**2 - 129*s + 607. Let w be v(6). What is the greatest common divisor of w and 188?
47
Let r(s) = -6*s**2 - 14*s - 39. Let m be r(-4). Let c(b) = 85*b. Let n be c(1). Let o = n + m. What is the greatest common factor of 66 and o?
6
Let s = 3932 + -3887. What is the greatest common factor of 360 and s?
45
Let r = 2 - 0. Suppose r*n - 328 - 82 = 0. Suppose 620*j = 612*j + 328. What is the highest common factor of j and n?
41
Let r(p) = p**2 - 17*p - 256. Let v be r(28). Suppose 9*k + 122 = 473. Calculate the highest common factor of k and v.
13
Let g = 12293 - 12217. Let w be 800/6 - (-8)/(-24). Calculate the greatest common divisor of g and w.
19
Let q(y) = -38*y - 232. Let n be q(-22). Let i = 619 - n. Let a be (-2)/(-8) + 838/8. Calculate the highest common factor of i and a.
15
Let n be 14 + (-20)/30*12. Calculate the highest common divisor of n and 262.
2
Suppose -6283 = -92*t + 18*t + 57431. Calculate the highest common divisor of 14 and t.
7
Suppose -h = 9 - 27. Let d = -989 - -989. Suppose -a + 5*b - 3*b + 28 = 0, d = 5*b - 20. Calculate the greatest common factor of a and h.
18
Suppose 14 = -2*i + 5*r, -5*i + 5*r = 4*r - 11. Suppose 0 = i*o - 3 - 42. Suppose -19*j + 52 = -o*j. What is the highest common factor of 13 and j?
13
Let w be (-16)/(-6)*7/((-70)/885). Let r = -144 - w. Calculate the highest common divisor of r and 230.
46
Let t = 2895 + -2894. What is the greatest common divisor of 359 and t?
1
Let y(l) = -l**2 + 12*l + 5. Let j be y(11). Let o be 702/j - (-5)/40. Calculate the greatest common divisor of 33 and o.
11
Suppose -u = 3*x - 5356, -4*x = -24*u + 25*u - 7142. Calculate the greatest common divisor of 114 and x.
38
Suppose 2*d - 207 = -3*j + 13, -3*j = 3*d - 213. What is the highest common divisor of j and 689?
13
Suppose -a - 6 = -3*x - 2*a, 2*a - 4 = 2*x. Let d = -4 + -7. Let u = -2 - d. What is the greatest common factor of x and u?
1
Suppose 1669*b - 1687*b = -360. Let v be (-1)/(-5) - (-747)/15. What is the highest common divisor of b and v?
10
Let i(b) = 132 + 14*b - 16 - 45. Let r be i(-7). Let v = 45 + r. Calculate the greatest common divisor of v and 27.
9
Suppose v + 2 = 6. Let n(l) = -3*l**2 - 58*l - 239. Let s be n(-11). Calculate the highest common divisor of s and v.
4
Suppose -j - 421 = -k + 3*j, k - 397 = -2*j. Suppose -11 = -f - w, w - 24 = f - 43. Calculate the highest common divisor of f and k.
15
Let z = -2490 - -2535. Calculate the highest common divisor of 765 and z.
45
Suppose 3*f + 3*q - 6 = 0, -f + 3*q + 19 = f. Let k be 2/13 + (-74)/(-26). Let a be (1 + ((-80)/15)/(-8))*k. What is the greatest common factor of f and a?
5
Suppose 0 = -4*g + 8, -2*k - 7*g + 30 = -5*g. Suppose w = 4*q - 129, 4*q - 140 = -w - k. Calculate the greatest common factor of q and 288.
32
Let r = 6687 + -4382. Calculate the greatest common factor of 10 and r.
5
Let m = 66 - -248. Let t = -257 + m. Calculate the greatest common divisor of 399 and t.
57
Suppose 0 = 2*c + 4*n - 5368, 2*c = 46*n - 44*n + 5398. Calculate the greatest common divisor of c and 42.
6
Let x be 7*4 - (-11 + -4 + 9 + 4). Calculate the highest common divisor of 3645 and x.
15
Let f = 5260 + -5230. What is the highest common divisor of 290 and f?
10
Let v(n) be the second derivative of n**4/4 + n**3/2 - 11*n**2/2 + n - 20. Let u be v(-7). What is the highest common divisor of 23 and u?
23
Suppose 5*g - 121 = -10*g + 359. Calculate the highest common factor of g and 12384.
32
Let p(k) = 741*k + 14667. Let u be p(-14). Calculate the greatest common divisor of u and 12.
3
Suppose 4*p - g - 287 = p, g = 1. Suppose -919*j + 5040 = -499*j. What is the highest common divisor of j and p?
12
Suppose 31*f = 5*f + 390. Suppose -2*p + 22 + f = 5*h, -2*h - 110 = -4*p. What is the highest common divisor of 65 and p?
13
Suppose 1880*g + 37440 = 1958*g. Calculate the highest common factor of 1515 and g.
15
Let o be (-2 - -4) + (-2)/2. Let u be 0/o - (0 + -21). Let n be (47824/4392)/(2/27). Calculate the highest common factor of u and n.
21
Let r(v) = 2*v**2 - 10*v - 16. Let h be r(12). Suppose -3*c - h = -11*c. Let f = 34 - c. What is the greatest common divisor of f and 165?
15
Let b(j) = -14*j - 75. Let i(m) = 13*m + 72. Let q(u) = 2*b(u) + 3*i(u). Let r be q(-4). What is the greatest common factor of r and 55?
11
Let x(o) = o**3 - 9*o**2 + 16*o + 6. Let z be x(7). Let u be 235/25 + -10 + 63/5. Let b be -1*u/(-2) - -2. Calculate the highest common divisor of z and b.
4
Suppose -y - 4*p = -721, 4*p - 9*p + 2939 = 4*y. Calculate the greatest common factor of y and 399.
57
Let l be 18*795/(-20)*((-133)/(-21) + -7). Calculate the greatest common divisor of l and 18.
9
Let o be ((-9)/12)/(2/(-32)). Let n(b) = -4*b**2 + 458*b - 1976. Let i be n(110). What is the greatest common factor of i and o?
4
Let l(p) = -2*p**3 + p**2 - 13*p - 74. Let d be l(-5). What is the greatest common factor of d and 26?
2
Let w = 178210 + -178115. Let n(i) = -10*i. Let x be n(-1). Calculate the greatest common factor of w and x.
5
Suppose -2*u + 0 = -32. Let k = 124 + u. Calculate the greatest common factor of k and 35.
35
Suppose 129*m = 110*m + 526 + 2514. What is the greatest common divisor of 3 and m?
1
Suppose 3*j = -2*q + 673, 2*q = -1002*j + 1003*j + 661. What is the highest common factor of 3071 and q?
83
Let s be 58240/21 + -7 - (-4)/(-3). What is the greatest common factor of s and 70?
35
Suppose -26*l - 10 = -4*t - 29*l, -l = -3*t + 14. Let k be (-4)/1 - (t + -26). Calculate the greatest common factor of 30 and k.
6
Let j(k) = -k**3 - k**2 + 34*k. Let b be j(-7). Let u be (70/b)/(2/8). Calculate the greatest common divisor of u and 3.
1
Let r(x) = x**3 - 27*x**2 - 4*x + 216. Let k be r(27). Calculate the highest common factor of 270 and k.
54
Let u = 61 - 57. Suppose u = -y + 46. What is the greatest common factor of 112 and y?
14
Let f be 11/4 - (17/(-4) - -5). Suppose 2*l - f = x + 4, -14 = -2*l + 5*x. Let z be ((-42)/(-3) - 3)*l. What is the highest common factor of 55 and z?
11
Let r be 32/((-10)/(-12)*(-24)/(-40)). Suppose 68*k - 176 = r*k. Calculate the highest common divisor of 55 and k.
11
Suppose 707 - 167 = 15*k. Let z be 6/(1/((-2)/(-4))). Suppose -18 = -z*f + f. Calculate the greatest common divisor of k and f.
9
Let z(n) = -47*n - 262. Let f be z(-5). Let p be 48 + f/(-36)*-4. What is the highest common factor of 75 and p?
15
Let c(o) = -15*o**3 - 25*o**2 + 2*o. Let j = -1765 + 1763. Let l be c(j). Let k be (52/6)/(1/24). Calculate the highest common divisor of l and k.
16
Suppose -6*n = -3*n + 2*n. Suppose n = 21*s - 13*s - 1232. What is the greatest common divisor of 44 and s?
22
Let s be (21 + -1)*3417/204. Calculate the greatest common divisor of 20 and s.
5
Suppose 1506 = -6*r - 2526. Let q be ((-15)/6)/(20/r). Calculate the greatest common divisor of 21 and q.
21
Let z be (7 + 11)/9 - (-128 - (-25)/(-5)). Calculate the greatest common divisor of 6255 and z.
45
Let v be 12/(-37 - -1) - 8724/(-9). What is the greatest common factor of v and 171?
57
Suppose -3*s = -6*s + 1419. Let o = 508 - s. What is the greatest common factor of o and 28?
7
Suppose 64*y - 68*y + 1468 = 3*j, -3*j + 1436 = -4*y. Let w be (3 - 8) + 47 + 2. What is the highest common divisor of j and w?
44
Suppose -16 = -4*w + 28. Let s(p) = -p**3 + 10*p**2 + 16*p. Let g be s(w). Suppose 0 = -6*a + 147 - 15. Calculate the greatest common factor of a and g.
11
Let m(w) = 7*w**2 + 22*w - 66. Let o be m(3). Suppose 0 = 58*q - o*q + 10. Let f = 3 + 11. Calculate the greatest common factor of f and q.
2
Suppose -645 - 195 = -22*z - 4. Calculate the highest common divisor of 23693 and z.
19
Suppose 0 = -3*c - 23*r + 19*r + 2009, -3*r + 4713 = 7*c. What is the greatest common divisor of c and 108?
27
